[INFO] cloning repository https://github.com/IWANABETHATGUY/simple-image-service
[INFO] running `Command { std: "git" "-c" "credential.helper=" "-c" "credential.helper=/workspace/cargo-home/bin/git-credential-null" "clone" "--bare" "https://github.com/IWANABETHATGUY/simple-image-service" "/workspace/cache/git-repos/https%3A%2F%2Fgithub.com%2FIWANABETHATGUY%2Fsimple-image-service", kill_on_drop: false }`
[INFO] [stderr] Cloning into bare repository '/workspace/cache/git-repos/https%3A%2F%2Fgithub.com%2FIWANABETHATGUY%2Fsimple-image-service'...
[INFO] running `Command { std: "git" "rev-parse" "HEAD", kill_on_drop: false }`
[INFO] [stdout] 5039f1313d5d4cd7a0d097f864378dfc54528064
[INFO] checking IWANABETHATGUY/simple-image-service against try#72f88fc4e9458f89516a0b8b0868f3718aec5b47 for pr-74989
[INFO] running `Command { std: "git" "clone" "/workspace/cache/git-repos/https%3A%2F%2Fgithub.com%2FIWANABETHATGUY%2Fsimple-image-service" "/workspace/builds/worker-9/source", kill_on_drop: false }`
[INFO] [stderr] Cloning into '/workspace/builds/worker-9/source'...
[INFO] [stderr] done.
[INFO] validating manifest of git repo https://github.com/IWANABETHATGUY/simple-image-service on toolchain 72f88fc4e9458f89516a0b8b0868f3718aec5b47
[INFO] running `Command { std: "/workspace/cargo-home/bin/cargo" "+72f88fc4e9458f89516a0b8b0868f3718aec5b47" "read-manifest" "--manifest-path" "Cargo.toml", kill_on_drop: false }`
[INFO] started tweaking git repo https://github.com/IWANABETHATGUY/simple-image-service
[INFO] finished tweaking git repo https://github.com/IWANABETHATGUY/simple-image-service
[INFO] tweaked toml for git repo https://github.com/IWANABETHATGUY/simple-image-service written to /workspace/builds/worker-9/source/Cargo.toml
[INFO] crate git repo https://github.com/IWANABETHATGUY/simple-image-service already has a lockfile, it will not be regenerated
[INFO] running `Command { std: "/workspace/cargo-home/bin/cargo" "+72f88fc4e9458f89516a0b8b0868f3718aec5b47" "fetch" "--locked" "--manifest-path" "Cargo.toml", kill_on_drop: false }`
[INFO] [stderr]  Downloading crates ...
[INFO] [stderr]   Downloaded queryst v2.0.1
[INFO] [stderr]   Downloaded hyper-staticfile v0.3.1
[INFO] running `Command { std: "docker" "create" "-v" "/var/lib/crater-agent-workspace/builds/worker-9/target:/opt/rustwide/target:rw,Z" "-v" "/var/lib/crater-agent-workspace/builds/worker-9/source:/opt/rustwide/workdir:ro,Z" "-v" "/var/lib/crater-agent-workspace/cargo-home:/opt/rustwide/cargo-home:ro,Z" "-v" "/var/lib/crater-agent-workspace/rustup-home:/opt/rustwide/rustup-home:ro,Z" "-e" "SOURCE_DIR=/opt/rustwide/workdir" "-e" "CARGO_TARGET_DIR=/opt/rustwide/target" "-e" "CARGO_HOME=/opt/rustwide/cargo-home" "-e" "RUSTUP_HOME=/opt/rustwide/rustup-home" "-w" "/opt/rustwide/workdir" "-m" "1610612736" "--user" "0:0" "--network" "none" "rustops/crates-build-env@sha256:d92eaeed33fa75130ca1ee6c8a01d1ffb62bac859dfdfb3450e3e5d1c0146529" "/opt/rustwide/cargo-home/bin/cargo" "+72f88fc4e9458f89516a0b8b0868f3718aec5b47" "metadata" "--no-deps" "--format-version=1", kill_on_drop: false }`
[INFO] [stdout] 1ebba0d1172d4a989ed0c683b94b3e572a9854bc3b6c6f3e98467db5884d82fb
[INFO] [stderr] WARNING: Your kernel does not support swap limit capabilities or the cgroup is not mounted. Memory limited without swap.
[INFO] running `Command { std: "docker" "start" "-a" "1ebba0d1172d4a989ed0c683b94b3e572a9854bc3b6c6f3e98467db5884d82fb", kill_on_drop: false }`
[INFO] running `Command { std: "docker" "inspect" "1ebba0d1172d4a989ed0c683b94b3e572a9854bc3b6c6f3e98467db5884d82fb", kill_on_drop: false }`
[INFO] running `Command { std: "docker" "rm" "-f" "1ebba0d1172d4a989ed0c683b94b3e572a9854bc3b6c6f3e98467db5884d82fb", kill_on_drop: false }`
[INFO] [stdout] 1ebba0d1172d4a989ed0c683b94b3e572a9854bc3b6c6f3e98467db5884d82fb
[INFO] running `Command { std: "docker" "create" "-v" "/var/lib/crater-agent-workspace/builds/worker-9/target:/opt/rustwide/target:rw,Z" "-v" "/var/lib/crater-agent-workspace/builds/worker-9/source:/opt/rustwide/workdir:ro,Z" "-v" "/var/lib/crater-agent-workspace/cargo-home:/opt/rustwide/cargo-home:ro,Z" "-v" "/var/lib/crater-agent-workspace/rustup-home:/opt/rustwide/rustup-home:ro,Z" "-e" "SOURCE_DIR=/opt/rustwide/workdir" "-e" "CARGO_TARGET_DIR=/opt/rustwide/target" "-e" "CARGO_INCREMENTAL=0" "-e" "RUST_BACKTRACE=full" "-e" "RUSTFLAGS=--cap-lints=forbid" "-e" "CARGO_HOME=/opt/rustwide/cargo-home" "-e" "RUSTUP_HOME=/opt/rustwide/rustup-home" "-w" "/opt/rustwide/workdir" "-m" "1610612736" "--user" "0:0" "--network" "none" "rustops/crates-build-env@sha256:d92eaeed33fa75130ca1ee6c8a01d1ffb62bac859dfdfb3450e3e5d1c0146529" "/opt/rustwide/cargo-home/bin/cargo" "+72f88fc4e9458f89516a0b8b0868f3718aec5b47" "check" "--frozen" "--all" "--all-targets" "--message-format=json", kill_on_drop: false }`
[INFO] [stdout] 85ce9ea20a4cd23bf73c1eeae035ec3b9df41e659bea55bcaed4d49167e77df1
[INFO] [stderr] WARNING: Your kernel does not support swap limit capabilities or the cgroup is not mounted. Memory limited without swap.
[INFO] running `Command { std: "docker" "start" "-a" "85ce9ea20a4cd23bf73c1eeae035ec3b9df41e659bea55bcaed4d49167e77df1", kill_on_drop: false }`
[INFO] [stderr]    Compiling libc v0.2.70
[INFO] [stderr]    Compiling autocfg v1.0.0
[INFO] [stderr]    Compiling byteorder v1.3.4
[INFO] [stderr]     Checking either v1.5.3
[INFO] [stderr]    Compiling log v0.4.8
[INFO] [stderr]     Checking scopeguard v1.1.0
[INFO] [stderr]     Checking slab v0.4.2
[INFO] [stderr]     Checking fnv v1.0.7
[INFO] [stderr]    Compiling proc-macro2 v1.0.13
[INFO] [stderr]    Compiling syn v1.0.22
[INFO] [stderr]     Checking matches v0.1.8
[INFO] [stderr]    Compiling memchr v2.3.3
[INFO] [stderr]     Checking gimli v0.21.0
[INFO] [stderr]    Compiling syn v0.15.44
[INFO] [stderr]    Compiling failure_derive v0.1.8
[INFO] [stderr]     Checking object v0.19.0
[INFO] [stderr]    Compiling ryu v1.0.4
[INFO] [stderr]     Checking match_cfg v0.1.0
[INFO] [stderr]    Compiling httparse v1.3.4
[INFO] [stderr]    Compiling serde v1.0.110
[INFO] [stderr]     Checking quick-error v1.2.3
[INFO] [stderr]     Checking ucd-util v0.1.8
[INFO] [stderr]     Checking arc-swap v0.4.6
[INFO] [stderr]     Checking linked-hash-map v0.5.3
[INFO] [stderr]     Checking try-lock v0.2.2
[INFO] [stderr]    Compiling regex v0.2.11
[INFO] [stderr]     Checking utf8-ranges v1.0.4
[INFO] [stderr]     Checking regex-syntax v0.6.17
[INFO] [stderr]     Checking crossbeam-utils v0.6.6
[INFO] [stderr]     Checking thread_local v1.0.1
[INFO] [stderr]     Checking unicode-normalization v0.1.12
[INFO] [stderr]     Checking unicode-bidi v0.3.4
[INFO] [stderr]     Checking owning_ref v0.4.1
[INFO] [stderr]    Compiling error-chain v0.12.2
[INFO] [stderr]     Checking lock_api v0.3.4
[INFO] [stderr]     Checking tokio-sync v0.1.8
[INFO] [stderr]     Checking regex-syntax v0.5.6
[INFO] [stderr]     Checking lru-cache v0.1.2
[INFO] [stderr]     Checking rand_hc v0.1.0
[INFO] [stderr]     Checking rand_xorshift v0.1.1
[INFO] [stderr]     Checking rand_isaac v0.1.1
[INFO] [stderr]    Compiling parking_lot_core v0.6.2
[INFO] [stderr]    Compiling parking_lot v0.9.0
[INFO] [stderr]    Compiling parking_lot_core v0.4.0
[INFO] [stderr]    Compiling hyper v0.12.35
[INFO] [stderr]     Checking lock_api v0.1.5
[INFO] [stderr]    Compiling crossbeam-utils v0.7.2
[INFO] [stderr]    Compiling memoffset v0.5.4
[INFO] [stderr]    Compiling crossbeam-epoch v0.8.2
[INFO] [stderr]    Compiling num-traits v0.2.11
[INFO] [stderr]    Compiling num-integer v0.1.42
[INFO] [stderr]    Compiling indexmap v1.3.2
[INFO] [stderr]    Compiling num-iter v0.1.40
[INFO] [stderr]    Compiling num-rational v0.2.4
[INFO] [stderr]     Checking rand_pcg v0.1.2
[INFO] [stderr]     Checking rand_chacha v0.1.1
[INFO] [stderr]     Checking crossbeam-channel v0.3.9
[INFO] [stderr]     Checking want v0.2.0
[INFO] [stderr]     Checking aho-corasick v0.6.10
[INFO] [stderr]     Checking aho-corasick v0.7.10
[INFO] [stderr]     Checking idna v0.1.5
[INFO] [stderr]     Checking iovec v0.1.4
[INFO] [stderr]     Checking num_cpus v1.13.0
[INFO] [stderr]     Checking net2 v0.2.34
[INFO] [stderr]     Checking rand_os v0.1.3
[INFO] [stderr]     Checking time v0.1.43
[INFO] [stderr]     Checking socket2 v0.3.12
[INFO] [stderr]     Checking rand v0.5.6
[INFO] [stderr]     Checking hostname v0.3.1
[INFO] [stderr]     Checking signal-hook-registry v1.2.0
[INFO] [stderr]     Checking deflate v0.7.20
[INFO] [stderr]    Compiling quote v1.0.6
[INFO] [stderr]     Checking bytes v0.4.12
[INFO] [stderr]     Checking futures-cpupool v0.1.8
[INFO] [stderr]     Checking rand v0.6.5
[INFO] [stderr]     Checking resolv-conf v0.6.3
[INFO] [stderr]     Checking mio v0.6.22
[INFO] [stderr]     Checking syslog v5.0.0
[INFO] [stderr]     Checking url v1.7.2
[INFO] [stderr]     Checking tokio-executor v0.1.10
[INFO] [stderr]     Checking crossbeam-queue v0.2.1
[INFO] [stderr]     Checking tokio-io v0.1.13
[INFO] [stderr]     Checking http v0.1.21
[INFO] [stderr]     Checking tokio-buf v0.1.1
[INFO] [stderr]     Checking string v0.2.1
[INFO] [stderr]     Checking tokio-timer v0.2.13
[INFO] [stderr]     Checking tokio-current-thread v0.1.7
[INFO] [stderr]     Checking crossbeam-deque v0.7.3
[INFO] [stderr]     Checking regex v1.3.7
[INFO] [stderr]     Checking tokio-codec v0.1.2
[INFO] [stderr]     Checking addr2line v0.12.1
[INFO] [stderr]     Checking tokio-reactor v0.1.12
[INFO] [stderr]     Checking mio-uds v0.6.8
[INFO] [stderr]     Checking tokio-threadpool v0.1.18
[INFO] [stderr]     Checking rayon-core v1.7.0
[INFO] [stderr]     Checking uuid v0.7.4
[INFO] [stderr]     Checking chrono v0.4.11
[INFO] [stderr]     Checking tokio-tcp v0.1.4
[INFO] [stderr]     Checking tokio-udp v0.1.6
[INFO] [stderr]     Checking tokio-uds v0.2.6
[INFO] [stderr]     Checking tokio-signal v0.2.9
[INFO] [stderr]     Checking png v0.12.0
[INFO] [stderr]     Checking parking_lot v0.7.1
[INFO] [stderr]     Checking rayon v1.3.0
[INFO] [stderr]     Checking backtrace v0.3.48
[INFO] [stderr]     Checking tokio-fs v0.1.7
[INFO] [stderr]     Checking tokio v0.1.22
[INFO] [stderr]     Checking h2 v0.1.26
[INFO] [stderr]     Checking http-body v0.1.0
[INFO] [stderr]     Checking jpeg-decoder v0.1.19
[INFO] [stderr]    Compiling synstructure v0.12.3
[INFO] [stderr]    Compiling num-derive v0.2.5
[INFO] [stderr]    Compiling actix_derive v0.3.2
[INFO] [stderr]    Compiling serde_derive v1.0.110
[INFO] [stderr]     Checking serde_json v1.0.53
[INFO] [stderr]     Checking failure v0.1.8
[INFO] [stderr]     Checking trust-dns-proto v0.6.3
[INFO] [stderr]     Checking trust-dns-proto v0.5.0
[INFO] [stderr]     Checking queryst v2.0.1
[INFO] [stderr]     Checking hyper-staticfile v0.3.1
[INFO] [stderr]     Checking tiff v0.2.2
[INFO] [stderr]     Checking image v0.20.1
[INFO] [stderr]     Checking trust-dns-resolver v0.10.3
[INFO] [stderr]     Checking actix v0.7.9
[INFO] [stderr]     Checking async-operation v0.1.0 (/opt/rustwide/workdir)
[INFO] [stdout] error[E0425]: cannot find value `directory` in this scope
[INFO] [stdout]    --> src/main.rs:103:42
[INFO] [stdout]     |
[INFO] [stdout] 103 |                 let mut directory_path = directory.to_path_buf();
[INFO] [stdout]     |                                          ^^^^^^^^^ not found in this scope
[INFO] [stdout] 
[INFO] [stdout] 
[INFO] [stdout] error[E0433]: failed to resolve: use of undeclared type or module `FileChunkStream`
[INFO] [stdout]    --> src/main.rs:108:38
[INFO] [stdout]     |
[INFO] [stdout] 108 |                         let stream = FileChunkStream::new(file);
[INFO] [stdout]     |                                      ^^^^^^^^^^^^^^^ not found in this scope
[INFO] [stdout]     |
[INFO] [stdout] help: consider importing this struct
[INFO] [stdout]     |
[INFO] [stdout] 1   | use hyper_staticfile::FileChunkStream;
[INFO] [stdout]     |
[INFO] [stdout] 
[INFO] [stdout] 
[INFO] [stdout] error[E0425]: cannot find function `convert` in this scope
[INFO] [stdout]    --> src/main.rs:112:57
[INFO] [stdout]     |
[INFO] [stdout] 112 |                         let task = future::lazy(move || convert(buffer, width, height));
[INFO] [stdout]     |                                                         ^^^^^^^ not found in this scope
[INFO] [stdout] 
[INFO] [stdout] 
[INFO] [stdout] error[E0425]: cannot find value `pool` in this scope
[INFO] [stdout]    --> src/main.rs:113:36
[INFO] [stdout]     |
[INFO] [stdout] 113 |                         let body = pool
[INFO] [stdout]     |                                    ^^^^ not found in this scope
[INFO] [stdout] 
[INFO] [stdout] 
[INFO] [stdout] warning: unused imports: `fs`, `path::Path`, `thread`
[INFO] [stdout]   --> src/main.rs:13:11
[INFO] [stdout]    |
[INFO] [stdout] 13 | use std::{fs, path::Path, thread};
[INFO] [stdout]    |           ^^  ^^^^^^^^^^  ^^^^^^
[INFO] [stdout]    |
[INFO] [stdout]    = note: `#[warn(unused_imports)]` on by default
[INFO] [stdout] 
[INFO] [stdout] 
[INFO] [stdout] error[E0425]: cannot find value `directory` in this scope
[INFO] [stdout]    --> src/main.rs:103:42
[INFO] [stdout]     |
[INFO] [stdout] 103 |                 let mut directory_path = directory.to_path_buf();
[INFO] [stdout]     |                                          ^^^^^^^^^ not found in this scope
[INFO] [stdout] 
[INFO] [stdout] 
[INFO] [stdout] error[E0433]: failed to resolve: use of undeclared type or module `FileChunkStream`
[INFO] [stdout]    --> src/main.rs:108:38
[INFO] [stdout]     |
[INFO] [stdout] 108 |                         let stream = FileChunkStream::new(file);
[INFO] [stdout]     |                                      ^^^^^^^^^^^^^^^ not found in this scope
[INFO] [stdout]     |
[INFO] [stdout] help: consider importing this struct
[INFO] [stdout]     |
[INFO] [stdout] 1   | use hyper_staticfile::FileChunkStream;
[INFO] [stdout]     |
[INFO] [stdout] 
[INFO] [stdout] 
[INFO] [stdout] error[E0425]: cannot find function `convert` in this scope
[INFO] [stdout]    --> src/main.rs:112:57
[INFO] [stdout]     |
[INFO] [stdout] 112 |                         let task = future::lazy(move || convert(buffer, width, height));
[INFO] [stdout]     |                                                         ^^^^^^^ not found in this scope
[INFO] [stdout] 
[INFO] [stdout] 
[INFO] [stdout] error[E0425]: cannot find value `pool` in this scope
[INFO] [stdout]    --> src/main.rs:113:36
[INFO] [stdout]     |
[INFO] [stdout] 113 |                         let body = pool
[INFO] [stdout]     |                                    ^^^^ not found in this scope
[INFO] [stdout] 
[INFO] [stdout] 
[INFO] [stdout] warning: unused imports: `fs`, `path::Path`, `thread`
[INFO] [stdout]   --> src/main.rs:13:11
[INFO] [stdout]    |
[INFO] [stdout] 13 | use std::{fs, path::Path, thread};
[INFO] [stdout]    |           ^^  ^^^^^^^^^^  ^^^^^^
[INFO] [stdout]    |
[INFO] [stdout]    = note: `#[warn(unused_imports)]` on by default
[INFO] [stdout] 
[INFO] [stdout] 
[INFO] [stdout] warning: unused import: `Sink`
[INFO] [stdout]  --> src/main.rs:4:31
[INFO] [stdout]   |
[INFO] [stdout] 4 | use futures::{stream::Stream, Sink};
[INFO] [stdout]   |                               ^^^^
[INFO] [stdout] 
[INFO] [stdout] 
[INFO] [stdout] error: aborting due to 4 previous errors; 2 warnings emitted
[INFO] [stdout] 
[INFO] [stdout] 
[INFO] [stdout] Some errors have detailed explanations: E0425, E0433.
[INFO] [stdout] 
[INFO] [stdout] For more information about an error, try `rustc --explain E0425`.
[INFO] [stdout] 
[INFO] [stderr] error: could not compile `async-operation`.
[INFO] [stderr] 
[INFO] [stderr] To learn more, run the command again with --verbose.
[INFO] [stderr] warning: build failed, waiting for other jobs to finish...
[INFO] [stdout] warning: unused import: `Sink`
[INFO] [stdout]  --> src/main.rs:4:31
[INFO] [stdout]   |
[INFO] [stdout] 4 | use futures::{stream::Stream, Sink};
[INFO] [stdout]   |                               ^^^^
[INFO] [stdout] 
[INFO] [stdout] 
[INFO] [stdout] error: aborting due to 4 previous errors; 2 warnings emitted
[INFO] [stdout] 
[INFO] [stdout] 
[INFO] [stdout] Some errors have detailed explanations: E0425, E0433.
[INFO] [stdout] 
[INFO] [stdout] For more information about an error, try `rustc --explain E0425`.
[INFO] [stdout] 
[INFO] [stderr] error: build failed
[INFO] running `Command { std: "docker" "inspect" "85ce9ea20a4cd23bf73c1eeae035ec3b9df41e659bea55bcaed4d49167e77df1", kill_on_drop: false }`
[INFO] running `Command { std: "docker" "rm" "-f" "85ce9ea20a4cd23bf73c1eeae035ec3b9df41e659bea55bcaed4d49167e77df1", kill_on_drop: false }`
[INFO] [stdout] 85ce9ea20a4cd23bf73c1eeae035ec3b9df41e659bea55bcaed4d49167e77df1
